**3 - 23*s**2 + 4*s - 66. Let j = -316 + 339. Let a be k(j). What is the greatest common divisor of a and 195?
13
Let j = -236 - -235. Let o be (3/1 - 7)*j. What is the greatest common divisor of 12 and o?
4
Let a be (-41)/2*12/6. Let o = -3 - 39. Let x = a - o. What is the greatest common divisor of 7 and x?
1
Let r = 3890 - 3337. What is the greatest common divisor of r and 316?
79
Let c be 7454/6 + 60/90. What is the highest common factor of c and 791?
113
Let t = 433 - -3291. What is the greatest common divisor of 76 and t?
76
Suppose -3*y = -3, 0*y - 253 = -3*k + 2*y. Let s = -543 - -555. Let b be 332/10 - s/(-15). Calculate the highest common divisor of b and k.
17
Suppose -j = 4*k - 170, k + j = -0*j + 44. Let t(h) = 3*h**3 + 16*h**2 - 84*h - 7. Let u be t(4). Calculate the highest common factor of k and u.
21
Let z = 16114 + -4889. What is the highest common factor of z and 25?
25
Let p be 59 + -6 - (37 - 41). Calculate the highest common factor of 3743 and p.
19
Suppose 4*h - 62 = a + 3*h, h = -a - 72. Let v be (-2)/(-4)*(a - -7). Let t = 52 + v. Calculate the highest common divisor of 143 and t.
11
Let a(r) be the second derivative of r**5/20 + 5*r**4/6 - 2*r**3 + 8*r**2 - 3*r - 1. Let w be a(-7). Calculate the highest common factor of w and 13.
13
Let i be 3*1 - 21/((-441)/2667). What is the greatest common factor of 40 and i?
10
Let d be 5*(9/15 + 6/15). Suppose 0*y = -d*y - 100. Let r be (336/20)/((-6)/y). Calculate the highest common factor of 140 and r.
28
Let h = 18 - 6. Suppose -4*c - h = 0, -i - 8 = -3*i - 4*c. Suppose -f + i = f. What is the greatest common divisor of f and 1?
1
Let q(o) = -386*o - 356. Let t be q(-1). Let y be 1*1/2*90. What is the greatest common divisor of t and y?
15
Suppose 0 = -b + n + 5982, 3*n - 2285 + 8275 = b. What is the highest common factor of b and 305?
61
Suppose -7*f = -4 - 24. Suppose 5*q = d - 85, -f*d + 301 = -2*q - 75. Calculate the greatest common factor of 57 and d.
19
Suppose 3*y - 205 = -217, 1688 = x - 4*y. What is the greatest common divisor of x and 456?
152
Let g(q) be the first derivative of q**3/3 + 8*q**2 + 127*q - 110. Let p be g(-17). Calculate the highest common factor of p and 336.
48
Suppose -10*k = -12*k + 72. Let n be 90/k + 2/4. What is the greatest common factor of n and 10?
1
Let o be 0 - -84 - (7 + (-84)/7). Let k = -65 + o. Let n(a) = 6*a + 6. Let h be n(5). Calculate the highest common factor of k and h.
12
Suppose 192*a - 104*a - 6336 = 0. Calculate the highest common factor of a and 81.
9
Suppose 4*k - b - 3 = -34, k + 16 = 3*b. Let f(l) = -51*l - 137. Let n be f(k). Calculate the greatest common divisor of 10 and n.
10
Let v = 436 + -435. Let u be v/(13/236) - 4/26. Calculate the greatest common divisor of u and 288.
18
Suppose 0 = 3*k - 0*k - 48. Suppose -20 - 127 = -3*y. Let d = y - 45. Calculate the greatest common factor of k and d.
4
Suppose -5*h + 4*g - 85 = -228, g = -5*h + 133. Calculate the highest common factor of h and 3087.
9
Let h = 95 + -90. Suppose 2*p + 2*p - 240 = -k, h*k + 2*p - 1128 = 0. Let a = 146 - 90. What is the greatest common divisor of k and a?
56
Let k(g) = -7*g**3 + 7*g**2 + 35*g. Let v be k(-4). What is the greatest common factor of 195 and v?
15
Suppose -132696 = 179*b - 350*b. Calculate the highest common factor of 40 and b.
8
Let f(u) = u**2 + 7*u - 10. Let y be f(4). Let h be (-22)/(-4*4/(-424)). Let p = h - -889. What is the greatest common divisor of p and y?
34
Suppose -3*u + 6 = -6. Suppose -6*a = -67 + 19. Suppose -a = -4*i + 8. What is the greatest common factor of u and i?
4
Let i = 187 + -182. Suppose -4*g + 7 = -i. What is the greatest common factor of 5 and g?
1
Let o be (-4 + -1 + 3)*-19. Let m = 6854 + -5980. Calculate the highest common divisor of m and o.
38
Suppose 0 = 54*t + 292 - 1804. Suppose -3*c + 18 = -18. Let d be (54/(-8))/(c/(-448)). Calculate the greatest common divisor of d and t.
28
Let f be -6 + 4 + 62/2. Let q be (-11 - -10) + (328 - 8). Calculate the highest common factor of q and f.
29
Let w be (10/6)/((-10)/(-1) + 47425/(-4746)). What is the greatest common factor of w and 3616?
226
Let a be (-9)/(-15)*3920/294. Calculate the highest common divisor of 2008 and a.
8
Let u(h) = -h**2 - 13*h + 11. Let t be u(-14). Let i be (29 + t)/(4/6). Suppose 36*p - i*p = -129. What is the greatest common factor of p and 301?
43
Suppose -7*a - 5 + 40 = 0. Let q be ((-9)/15 - -1) + 98/a. What is the greatest common divisor of q and 110?
10
Suppose 0 = -m - 1402 + 1780. What is the greatest common divisor of m and 4806?
54
Let o = -570 + 636. Suppose -2*x - 520 = -2*v, 202 = v - 3*x - o. What is the highest common factor of v and 48?
16
Suppose 4*d - 18 = u + 355, -4*d + 3*u + 375 = 0. Suppose -4*i - d = -7*i. Let s = i + -23. What is the highest common divisor of s and 16?
8
Let d = 497 - 516. Let r(f) be the third derivative of f**5/60 + 19*f**4/24 + 8*f**3/3 - f**2. Let l be r(d). Calculate the highest common divisor of 96 and l.
16
Suppose -2*r - 3 + 4 = -l, -l = 4*r - 23. Suppose -4*o + 13*o - 72 = 0. Suppose l*x + 9 = o*x. Calculate the highest common factor of 18 and x.
9
Suppose 0 = -880*o + 866*o + 3024. Let y = 61 + -7. What is the greatest common factor of y and o?
54
Suppose d - 258 = -4*x, 2*x - 9*d - 128 = -10*d. Calculate the highest common divisor of 10985 and x.
65
Let i = -10377 - -10379. Let y = 0 + 1. What is the highest common divisor of y and i?
1
Suppose 765*n + 504 = 828*n. What is the greatest common factor of 23 and n?
1
Let i(r) = -14*r - 874. Let h be i(-65). Let n = -31 - -49. What is the highest common factor of n and h?
18
Let p(g) = -2*g - 11. Let b be p(-6). Suppose -4*z - b = -201. Calculate the greatest common divisor of z and 25.
25
Let i = -27 + 72. Suppose -134*z = 90*z - 2240. Calculate the greatest common factor of i and z.
5
Suppose 0 = 17*q - q - 272. Calculate the greatest common divisor of q and 2057.
17
Let j = 71 - -4207. Calculate the highest common factor of 138 and j.
138
Suppose 18*l = c - 2074, 12*c - 8*c = -4*l + 7612. What is the highest common divisor of c and 120?
8
Let x(u) = u**3 + 48*u**2 + 537*u - 36. Let h be x(-18). Calculate the greatest common factor of 1854 and h.
18
Let c = -320 + 317. Let a(h) = h + 8. Let x be a(-4). Let m be (1 - c/x)/(3/72). What is the highest common factor of m and 12?
6
Let f(i) = -i**3 + 4*i**2 - i - 6. Let b be f(3). Let j = 24 - b. Calculate the greatest common factor of j and 4.
4
Let z(u) = -u + 19. Let h be z(14). Suppose 0 = h*b - 3*b - 22. Suppose -20 = -3*t + 13. Calculate the greatest common factor of b and t.
11
Let u be 278*2/((-4)/(3 - 2)). Let a = -132 - u. Suppose 0 = 4*i - a - 1, -2*n = i - 92. What is the highest common factor of 15 and n?
15
Let v(n) = -3*n**3 - 2*n**2 - 8*n - 4. Let k be v(-3). Suppose 54*b + k = 53*b. Let y = -62 - b. Calculate the greatest common divisor of y and 3.
3
Suppose -f - 68 = -65. Let c be (2 - -31 - f)*1. Calculate the highest common factor of 72 and c.
36
Let n(w) = w**2 - 36*w + 119. Let u be n(48). What is the highest common factor of u and 15?
5
Let b be ((-12)/(-42))/((-21)/(-1764)). What is the greatest common divisor of 324 and b?
12
Let f = 12373 + -10708. Calculate the highest common divisor of f and 2997.
333
Let y = 93 - 90. Let r(v) = 38*v - 22*v - 22*v + 2 - v**2. Let g be r(-6). What is the highest common divisor of g and y?
1
Let g(y) = 18*y + 11. Let b be g(6). Let l be 0 + b + 8 + -13. Suppose h - 3*a = 41, 2*h - 155 = -2*h + 3*a. What is the greatest common factor of h and l?
38
Suppose -g = 20*y - 19*y - 11, -8 = y - 18*g. Calculate the highest common divisor of y and 530.
10
Let g(u) = -2*u + 16. Let n be g(-25). Let z = 78 - n. Calculate the greatest common factor of 300 and z.
12
Suppose 4*g + 3*c - 31 = 2*g, 5*g - 5*c - 115 = 0. Suppose 5*f = 5*w + 2 + 23, -5*f = -w - 37. Calculate the highest common divisor of g and f.
4
Let d = -930 - -746. Let o = d + 616. What is the highest common factor of o and 12?
12
Let m(r) = -146*r - 13. Let u be m(6). Let a = -859 - u. What is the greatest common divisor of 105 and a?
15
Let i(u) be the third derivative of -2*u**4/3 - 8*u**3 + 5*u**2 - 10. Let y be i(-6). What is the highest common factor of y and 6?
6
Let 